ors of o?
2, 5
Suppose -4*n = -77 + 1. Let l = n + 1. List the prime factors of l.
2, 5
Let k be (2 - 2 - 16) + 2. Let o be (-4)/k - (-57)/21. What are the prime factors of -2 + o/3 + 15?
2, 7
Suppose 0*q - 120 = -3*q. What are the prime factors of q?
2, 5
Suppose 3*s = -4*f + 222, 0 = -s - 0*s - 2*f + 76. Let z = 117 - s. List the prime factors of z.
47
List the prime factors of (8/10)/(1/235).
2, 47
List the prime factors of (2 - 8)*8/(-3).
2
Let j = -278 + 418. List the prime factors of j.
2, 5, 7
Let a = -120 + 130. List the prime factors of a.
2, 5
Suppose -3*a - 13 = -n, 3*n + 2*a = -a - 9. Let b = 2 + n. Suppose -b*r - o + 45 = 2*o, 2*r + 5*o = 39. What are the prime factors of r?
2, 3
Suppose 70 = 3*l - 53. What are the prime factors of l?
41
What are the prime factors of (-1030)/(-30) + 1/(-3)?
2, 17
Suppose -17 + 54 = a. List the prime factors of a.
37
Suppose 0*m = -5*m - 4*n + 163, -2*m + 70 = 4*n. List the prime factors of m.
31
Let h = 2 + -2. Suppose 0 = -h*n - n. Suppose 3*r - 12 - 3 = n. What are the prime factors of r?
5
Let w = -21 - -33. Suppose 6*l = 2*l + w. Suppose -3*p + l*n - 21 = -4*p, n - 13 = -p. What are the prime factors of p?
3
Let v = -7 - -9. Let h be v/6*(0 + 0). Suppose -4*w + 40 + 28 = h. What are the prime factors of w?
17
Let g(w) = w**3 - 4*w**2 - 3*w. Suppose -4 - 11 = -3*v. Let k be g(v). Suppose 4*s - 18 = k. List the prime factors of s.
7
Let i = 5 + 16. List the prime factors of i.
3, 7
Let k(m) = 6*m**2 - 13*m + 26. What are the prime factors of k(6)?
2, 41
Let o(u) = -3*u - 5. Let b be o(-5). Let i(a) = a**2 + 7*a + 12. Let v be i(-4). Suppose -l + 6*l - b = v. What are the prime factors of l?
2
Suppose 265 = 3*v - 62. Suppose 4*f - v = -21. What are the prime factors of f?
2, 11
Let g(l) be the first derivative of 2*l**3/3 - 2*l**2 - 3*l + 4. What are the prime factors of g(-2)?
13
List the prime factors of (-1213)/(-9) + ((-33)/(-27) - 1).
3, 5
Suppose 3*h - 10 + 4 = 0. Let w be (10/(-2))/(1 - h). Suppose 0 = 2*c - w*c, 36 = 4*f + 3*c. List the prime factors of f.
3
Suppose 7*u - 446 = 5*u. What are the prime factors of u?
223
Suppose -2*m - 2*s = -9 - 1, 20 = -4*m + 4*s. Let l(g) = g**3 - g**2 + g + 12. What are the prime factors of l(m)?
2, 3
Suppose 4*u + 131 = 475. List the prime factors of u.
2, 43
Suppose 0 = -3*o + 5*v - 18, 4*v - 8 = -o + 3. Let q(c) = 7*c**2. What are the prime factors of q(o)?
7
Let y(s) = s**3 - 9*s**2 + 9*s + 4. Let k be y(8). Let q = k + -7. List the prime factors of q.
5
Suppose -8*i = -3*i + 120. Let t = -15 - i. What are the prime factors of t?
3
Let z(v) = v**2 + 2. Let r be z(-3). Let q = r - 6. List the prime factors of q.
5
What are the prime factors of (-1644)/8*(-8)/6?
2, 137
What are the prime factors of 12/(1*(-6)/(-8))?
2
Let n(g) be the second derivative of 3*g**4/4 - g**2/2 - g. Let i = -4 + 5. List the prime factors of n(i).
2
Let m be ((-2)/3)/((-3)/117). Suppose m = 4*k - 0*f + 5*f, -3*k + 2*f = -31. Suppose 3*c - k = 18. List the prime factors of c.
3
Suppose 110 - 350 = -5*c. Suppose 3*l - 2*u - c = -7, 4*l - 52 = 4*u. List the prime factors of l.
3, 5
Suppose z = -z + 8. Suppose 11 = z*i + 27. Let h = 8 + i. List the prime factors of h.
2
Let f(g) = -g**3 - 11*g**2 + g + 15. Suppose -5*d - 42 = 2*r + 5, 2*r - 3*d + 7 = 0. What are the prime factors of f(r)?
2
Suppose 3*i - 2*i = -4. Let g(x) = x**3 + 5*x**2 - 4*x - 6. Let k be g(i). Let w = k - 14. List the prime factors of w.
2, 3
Let q(a) = 38*a**2 - 5 + 1 + 5 + 2*a**2. List the prime factors of q(1).
41
Suppose -3*b - 6 = a, 3*b = -a - a - 3. Let q be 2*2/4 - -19. Suppose -a*m = -m - q. What are the prime factors of m?
2, 5
Let v be 92/3 + (-6)/9. Suppose -i - 6 = 13. Let u = v + i. What are the prime factors of u?
11
Let p be -2 + 0 + 0 + -108. List the prime factors of 2*(p/4)/(-5).
11
Let w = 20 - 10. Let t = w + -2. Suppose -2*h + 30 - t = -5*x, -40 = -5*h + 5*x. What are the prime factors of h?
2, 3
Let q = 12 - 25. Let c = 32 - 52. Let r = q - c. List the prime factors of r.
7
Suppose -4*u - 9 = -z + 21, 2*u = z - 20. Suppose m - 39 = z. What are the prime factors of m?
7
Let w(k) = -k**3 - 5*k**2 - 4*k + 2. Let a be w(-4). Suppose 1 + 32 = v. Suppose z - 2*d = -a*z + v, 5*z + 4*d = 55. List the prime factors of z.
11
Suppose 2*j = -0*j + 20. Let v = j + -3. List the prime factors of v.
7
Let x(r) = r - 7. Let m be x(10). Suppose -m*c - 4 = -c. Let j(b) = b**2 + 2*b + 3. List the prime factors of j(c).
3
What are the prime factors of (-82)/(((-4)/5)/(2/5))?
41
Let i = 6 + -4. Suppose -j + i*j - 16 = 0. What are the prime factors of j?
2
What are the prime factors of (29 - -3) + (3 - 1)?
2, 17
Suppose -5*w - v + 19 = -w, -5*v = 3*w - 27. Suppose w*l = -2*j + 20, l - 3*j + j - 15 = 0. What are the prime factors of l?
7
Let v(b) = 6*b + 1. Let q be v(1). Suppose 5*a = -5*l + 40, 2*l + 1 - q = 0. Suppose -p - a*w = -4*p + 32, -4*w - 37 = -3*p. What are the prime factors of p?
19
Suppose -3 = -y, 2*j = 4*y - 5*y + 123. Suppose 5*r = -b + 18, 2*r = -2*b - 0 + j. What are the prime factors of b?
3, 11
Let d = 3 - 2. Let f be 1*(0 - d - 0). List the prime factors of (-1)/f*(2 - -1).
3
Suppose 2*w = w - 43. Let b = -30 - w. List the prime factors of b.
13
Let u(i) = 6*i**2 + i. Let d be (-12)/7 - (-6)/(-21). What are the prime factors of u(d)?
2, 11
Suppose 2*f - 3*u = 22, -5*f - 3*u + 4 = -51. Suppose 2*c - 25 = -f. List the prime factors of c.
7
Suppose 16*n - 46 = 15*n. What are the prime factors of n?
2, 23
Let w(v) = -v**3 + 1. Let u be w(-1). Suppose t + 4*f = 0, u*f = 2*t + 33 - 13. What are the prime factors of t/6*(-9)/2?
2, 3
Let b = 4 + -4. Let w = b + 5. Suppose w*o = o + 32. What are the prime factors of o?
2
List the prime factors of 58 - 20/(9 + -4).
2, 3
List the prime factors of (2/(6/33))/1.
11
Let n(p) be the second derivative of -p**5/20 - p**4/12 + 5*p**2/2 - p. List the prime factors of n(0).
5
Suppose -2*u + 9 + 3 = 0. Suppose -2*r - 40 = -3*v, -u*r = -3*v - 2*r + 38. List the prime factors of v.
2, 7
Suppose -2*i + 3*i = 0, -4*w + 5*i = -328. List the prime factors of w.
2, 41
Let k = 198 + -46. What are the prime factors of k?
2, 19
Let x = 4 - 45. Let h = x + 75. List the prime factors of h.
2, 17
Let u(l) = -l + 3. Let d be u(0). Suppose -b - 5 = -2*r, -5*r + d*b = -2*b - 5. Suppose 0 = 6*z - r*z - 4. What are the prime factors of z?
2
Suppose -3 - 15 = 3*k. Let t(b) = -b. Let n be t(k). List the prime factors of 12/n + 3*1.
5
Let q(k) = -k**3 + 8*k**2 + 7. What are the prime factors of q(7)?
2, 7
Suppose 4*l = -4*l + 2872. List the prime factors of l.
359
Let h be (-3)/(3/(-5))*1. Suppose h*i = 0, 2*m + 3*i - 42 - 8 = 0. What are the prime factors of m?
5
Let s(x) = x - 4. Let n be s(6). Let i = 5 - n. Suppose -f - 14 = -i*f. List the prime factors of f.
7
Let q(v) = -v**2 - 13*v - 24. Let l be q(-12). Let f(d) = -d**2 - 13*d + 2. What are the prime factors of f(l)?
2, 7
Let v be (-6 - 0)/(3/(-2)). Suppose 3*y - 4 = v*n - 0*n, 3*n - 4*y + 10 = 0. What are the prime factors of n?
2
Suppose -2*c + 8 + 10 = 0. List the prime factors of c.
3
Let h(k) = -80*k**3 + 2*k**2 - 1. What are the prime factors of h(-1)?
3
Suppose -5*m + q = -311, 0 = -2*m - m - 3*q + 201. Suppose -g - m = -4*g. List the prime factors of g.
3, 7
Suppose 0*a + a - 4 = 0. Suppose -6*s = -a*s - 28. List the prime factors of s.
2, 7
What are the prime factors of (4/3)/((-2)/(-30))?
2, 5
Let j = -8 + 14. List the prime factors of 16/2 - (-7 + j).
3
Let l(f) = -f**3 - 2*f**2 + 6*f + 5. List the prime factors of l(-5).
2, 5
Let b = 132 - -44. What are the prime factors of b?
2, 11
Let b = 11 - 7. Suppose -5*j + m = 3*m - 231, 0 = -b*j + 4*m + 168. List the prime factors of j/20*(-16)/(-6).
2, 3
Suppose 3*h - 3*t = 78, h - 92 = -2*h - 4*t. Suppose 3*a - 20 = -5*m, 2*m - 11 = 5*a + h. What are the prime factors of m?
7
Suppose 3*r - 2*r = 0. Let g be 6 - 1 - (2 + r). Suppose 0 = -2*n - g*d - d + 44, -30 = -n - 4*d. List the prime factors of n.
2, 7
Suppose 73 = -4*k + 3*h, -4*k - 79 = 5*h - 2*h. Let q = k + 32. What are the prime factors of q?
13
Let a(d) = -4*d - 8. Let b be a(-6). Suppose -2*z = -3*z + b. What are the prime factors of z?
2
Let u(c) = 3*c**2 - 2*c - 2. Let z be u(2). Suppose 2*d = -d + 